{"id":4453,"date":"2010-01-09T10:36:00","date_gmt":"2010-01-09T10:36:00","guid":{"rendered":"https:\/\/klimagerechte-architektur.de\/index.php\/projekte\/pflegeheim-huttenstrasse-bruchsal\/"},"modified":"2025-02-20T11:25:15","modified_gmt":"2025-02-20T10:25:15","slug":"nursing-home-huttenstrasse-bruchsal","status":"publish","type":"projekte","link":"https:\/\/klimagerechte-architektur.de\/en\/projekte\/pflegeheim-huttenstrasse-bruchsal\/","title":{"rendered":"Huttenstra\u00dfe nursing home, Bruchsal"},"content":{"rendered":"<p>The starting point for the new construction of the Bruchsal care centre was the only partially developed derelict Denner brewery with its building fabric in danger of collapse and the historic St. Andrew's staggered structure. The care centre comprises a care home with 64 beds, 23 assisted living flats, a social centre, communal rooms, courtyards, roof gardens and an underground car park with 27 parking spaces. Just as the city as a whole has a large house (<em>maxima domus<\/em>), the buildings in it are also small towns (<em>minima civitas<\/em>). This idea of Alberti, the Italian master builder of the Renaissance, is reflected in the design approach of the nursing home: one recognises public and private areas, streets, paths and squares.<\/p>\n<h6>On 1 April 2014, Prof. Andreas L\u00f6ffler and Matthias Schmeling left the office P.I.A-Architekten, founded in 1994 by the former partners Andreas L\u00f6ffler and Rainer Schneider, Gerhard Leicht and Matthias Schmeling, and founded the architectural office L\u00f6ffler-Schmeling.<\/h6>\n<h6>This project is part of the joint office history of P.I.A.<\/h6>","protected":false},"featured_media":1103,"menu_order":0,"template":"","format":"standard","meta":[],"projektart":[303,308],"class_list":["post-4453","projekte","type-projekte","status-publish","format-standard","has-post-thumbnail","hentry","projektart-industrie-verwaltung","projektart-innenraum"],"yoast_head":"<!-- This site is optimized with the Yoast SEO plugin v27.3 - https:\/\/yoast.com\/product\/yoast-seo-wordpress\/ -->\n<title>Pflegeheim Huttenstra\u00dfe, Bruchsal - L\u00f6ffler_Schmeling<\/title>\n<meta name=\"description\" content=\"Unsere realisierten Projekte im Bereich nachhaltiger und \u00f6kologischer Architektur: klimagerechte H\u00e4user, Passivhaus-Bauten und mehr im \u00dcberblick.\" \/>\n<meta name=\"robots\" content=\"index, follow, max-snippet:-1, max-image-preview:large, max-video-preview:-1\" \/>\n<link rel=\"canonical\" href=\"https:\/\/klimagerechte-architektur.de\/en\/projects\/nursing-home-huttenstrasse-bruchsal\/\" \/>\n<meta property=\"og:locale\" content=\"en_GB\" \/>\n<meta property=\"og:type\" content=\"article\" \/>\n<meta property=\"og:title\" content=\"Pflegeheim Huttenstra\u00dfe, Bruchsal - L\u00f6ffler_Schmeling\" \/>\n<meta property=\"og:description\" content=\"Unsere realisierten Projekte im Bereich nachhaltiger und \u00f6kologischer Architektur: klimagerechte H\u00e4user, Passivhaus-Bauten und mehr im \u00dcberblick.\" \/>\n<meta property=\"og:url\" content=\"https:\/\/klimagerechte-architektur.de\/en\/projects\/nursing-home-huttenstrasse-bruchsal\/\" \/>\n<meta property=\"og:site_name\" content=\"L\u00f6ffler_Schmeling\" \/>\n<meta property=\"article:modified_time\" content=\"2025-02-20T10:25:15+00:00\" \/>\n<meta property=\"og:image\" content=\"https:\/\/klimagerechte-architektur.de\/wp-content\/uploads\/2023\/01\/pflegezentrum-minima-civitas-neubau-1.jpg\" \/>\n\t<meta property=\"og:image:width\" content=\"1380\" \/>\n\t<meta property=\"og:image:height\" content=\"1920\" \/>\n\t<meta property=\"og:image:type\" content=\"image\/jpeg\" \/>\n<meta name=\"twitter:card\" content=\"summary_large_image\" \/>\n<meta name=\"twitter:label1\" content=\"Estimated reading time\" \/>\n\t<meta name=\"twitter:data1\" content=\"1 minute\" \/>\n<script type=\"application\/ld+json\" class=\"yoast-schema-graph\">{\"@context\":\"https:\\\/\\\/schema.org\",\"@graph\":[{\"@type\":[\"WebPage\",\"ItemPage\"],\"@id\":\"https:\\\/\\\/klimagerechte-architektur.de\\\/projekte\\\/pflegeheim-huttenstrasse-bruchsal\\\/\",\"url\":\"https:\\\/\\\/klimagerechte-architektur.de\\\/projekte\\\/pflegeheim-huttenstrasse-bruchsal\\\/\",\"name\":\"Pflegeheim Huttenstra\u00dfe, Bruchsal - L\u00f6ffler_Schmeling\",\"isPartOf\":{\"@id\":\"https:\\\/\\\/klimagerechte-architektur.de\\\/#website\"},\"primaryImageOfPage\":{\"@id\":\"https:\\\/\\\/klimagerechte-architektur.de\\\/projekte\\\/pflegeheim-huttenstrasse-bruchsal\\\/#primaryimage\"},\"image\":{\"@id\":\"https:\\\/\\\/klimagerechte-architektur.de\\\/projekte\\\/pflegeheim-huttenstrasse-bruchsal\\\/#primaryimage\"},\"thumbnailUrl\":\"https:\\\/\\\/klimagerechte-architektur.de\\\/wp-content\\\/uploads\\\/2023\\\/01\\\/pflegezentrum-minima-civitas-neubau-1.jpg\",\"datePublished\":\"2010-01-09T10:36:00+00:00\",\"dateModified\":\"2025-02-20T10:25:15+00:00\",\"description\":\"Unsere realisierten Projekte im Bereich nachhaltiger und \u00f6kologischer Architektur: klimagerechte H\u00e4user, Passivhaus-Bauten und mehr im \u00dcberblick.\",\"breadcrumb\":{\"@id\":\"https:\\\/\\\/klimagerechte-architektur.de\\\/projekte\\\/pflegeheim-huttenstrasse-bruchsal\\\/#breadcrumb\"},\"inLanguage\":\"en-GB\",\"potentialAction\":[{\"@type\":\"ReadAction\",\"target\":[\"https:\\\/\\\/klimagerechte-architektur.de\\\/projekte\\\/pflegeheim-huttenstrasse-bruchsal\\\/\"]}]},{\"@type\":\"ImageObject\",\"inLanguage\":\"en-GB\",\"@id\":\"https:\\\/\\\/klimagerechte-architektur.de\\\/projekte\\\/pflegeheim-huttenstrasse-bruchsal\\\/#primaryimage\",\"url\":\"https:\\\/\\\/klimagerechte-architektur.de\\\/wp-content\\\/uploads\\\/2023\\\/01\\\/pflegezentrum-minima-civitas-neubau-1.jpg\",\"contentUrl\":\"https:\\\/\\\/klimagerechte-architektur.de\\\/wp-content\\\/uploads\\\/2023\\\/01\\\/pflegezentrum-minima-civitas-neubau-1.jpg\",\"width\":1380,\"height\":1920},{\"@type\":\"BreadcrumbList\",\"@id\":\"https:\\\/\\\/klimagerechte-architektur.de\\\/projekte\\\/pflegeheim-huttenstrasse-bruchsal\\\/#breadcrumb\",\"itemListElement\":[{\"@type\":\"ListItem\",\"position\":1,\"name\":\"Startseite\",\"item\":\"https:\\\/\\\/klimagerechte-architektur.de\\\/\"},{\"@type\":\"ListItem\",\"position\":2,\"name\":\"Projekte\",\"item\":\"https:\\\/\\\/klimagerechte-architektur.de\\\/projekte\\\/\"},{\"@type\":\"ListItem\",\"position\":3,\"name\":\"Pflegeheim Huttenstra\u00dfe, Bruchsal\"}]},{\"@type\":\"WebSite\",\"@id\":\"https:\\\/\\\/klimagerechte-architektur.de\\\/#website\",\"url\":\"https:\\\/\\\/klimagerechte-architektur.de\\\/\",\"name\":\"Klimagerechte Architektur\",\"description\":\"KLIMAGERECHTIGKEIT \u2013 DIE BR\u00dcCKE ZWISCHEN SOZIALER UND \u00d6KOLOGISCHER ARCHITEKTUR\",\"publisher\":{\"@id\":\"https:\\\/\\\/klimagerechte-architektur.de\\\/#organization\"},\"potentialAction\":[{\"@type\":\"SearchAction\",\"target\":{\"@type\":\"EntryPoint\",\"urlTemplate\":\"https:\\\/\\\/klimagerechte-architektur.de\\\/?s={search_term_string}\"},\"query-input\":{\"@type\":\"PropertyValueSpecification\",\"valueRequired\":true,\"valueName\":\"search_term_string\"}}],\"inLanguage\":\"en-GB\"},{\"@type\":\"Organization\",\"@id\":\"https:\\\/\\\/klimagerechte-architektur.de\\\/#organization\",\"name\":\"L\u00f6ffler_Schmeling Architekten\",\"url\":\"https:\\\/\\\/klimagerechte-architektur.de\\\/\",\"logo\":{\"@type\":\"ImageObject\",\"inLanguage\":\"en-GB\",\"@id\":\"https:\\\/\\\/klimagerechte-architektur.de\\\/#\\\/schema\\\/logo\\\/image\\\/\",\"url\":\"https:\\\/\\\/klimagerechte-architektur.de\\\/wp-content\\\/uploads\\\/2023\\\/01\\\/LS_LogoCoolveticaueberarbeitet_Anne-1.png\",\"contentUrl\":\"https:\\\/\\\/klimagerechte-architektur.de\\\/wp-content\\\/uploads\\\/2023\\\/01\\\/LS_LogoCoolveticaueberarbeitet_Anne-1.png\",\"width\":1741,\"height\":402,\"caption\":\"L\u00f6ffler_Schmeling Architekten\"},\"image\":{\"@id\":\"https:\\\/\\\/klimagerechte-architektur.de\\\/#\\\/schema\\\/logo\\\/image\\\/\"}}]}<\/script>\n<!-- \/ Yoast SEO plugin. -->","yoast_head_json":{"title":"Nursing home Huttenstra\u00dfe, Bruchsal - L\u00f6ffler_Schmeling","description":"An overview of our realised projects in the field of sustainable and ecological architecture: climate-friendly houses, passive house buildings and more.","robots":{"index":"index","follow":"follow","max-snippet":"max-snippet:-1","max-image-preview":"max-image-preview:large","max-video-preview":"max-video-preview:-1"},"canonical":"https:\/\/klimagerechte-architektur.de\/en\/projects\/nursing-home-huttenstrasse-bruchsal\/","og_locale":"en_GB","og_type":"article","og_title":"Pflegeheim Huttenstra\u00dfe, Bruchsal - L\u00f6ffler_Schmeling","og_description":"Unsere realisierten Projekte im Bereich nachhaltiger und \u00f6kologischer Architektur: klimagerechte H\u00e4user, Passivhaus-Bauten und mehr im \u00dcberblick.","og_url":"https:\/\/klimagerechte-architektur.de\/en\/projects\/nursing-home-huttenstrasse-bruchsal\/","og_site_name":"L\u00f6ffler_Schmeling","article_modified_time":"2025-02-20T10:25:15+00:00","og_image":[{"width":1380,"height":1920,"url":"https:\/\/klimagerechte-architektur.de\/wp-content\/uploads\/2023\/01\/pflegezentrum-minima-civitas-neubau-1.jpg","type":"image\/jpeg"}],"twitter_card":"summary_large_image","twitter_misc":{"Estimated reading time":"1 minute"},"schema":{"@context":"https:\/\/schema.org","@graph":[{"@type":["WebPage","ItemPage"],"@id":"https:\/\/klimagerechte-architektur.de\/projekte\/pflegeheim-huttenstrasse-bruchsal\/","url":"https:\/\/klimagerechte-architektur.de\/projekte\/pflegeheim-huttenstrasse-bruchsal\/","name":"Nursing home Huttenstra\u00dfe, Bruchsal - L\u00f6ffler_Schmeling","isPartOf":{"@id":"https:\/\/klimagerechte-architektur.de\/#website"},"primaryImageOfPage":{"@id":"https:\/\/klimagerechte-architektur.de\/projekte\/pflegeheim-huttenstrasse-bruchsal\/#primaryimage"},"image":{"@id":"https:\/\/klimagerechte-architektur.de\/projekte\/pflegeheim-huttenstrasse-bruchsal\/#primaryimage"},"thumbnailUrl":"https:\/\/klimagerechte-architektur.de\/wp-content\/uploads\/2023\/01\/pflegezentrum-minima-civitas-neubau-1.jpg","datePublished":"2010-01-09T10:36:00+00:00","dateModified":"2025-02-20T10:25:15+00:00","description":"An overview of our realised projects in the field of sustainable and ecological architecture: climate-friendly houses, passive house buildings and more.","breadcrumb":{"@id":"https:\/\/klimagerechte-architektur.de\/projekte\/pflegeheim-huttenstrasse-bruchsal\/#breadcrumb"},"inLanguage":"en-GB","potentialAction":[{"@type":"ReadAction","target":["https:\/\/klimagerechte-architektur.de\/projekte\/pflegeheim-huttenstrasse-bruchsal\/"]}]},{"@type":"ImageObject","inLanguage":"en-GB","@id":"https:\/\/klimagerechte-architektur.de\/projekte\/pflegeheim-huttenstrasse-bruchsal\/#primaryimage","url":"https:\/\/klimagerechte-architektur.de\/wp-content\/uploads\/2023\/01\/pflegezentrum-minima-civitas-neubau-1.jpg","contentUrl":"https:\/\/klimagerechte-architektur.de\/wp-content\/uploads\/2023\/01\/pflegezentrum-minima-civitas-neubau-1.jpg","width":1380,"height":1920},{"@type":"BreadcrumbList","@id":"https:\/\/klimagerechte-architektur.de\/projekte\/pflegeheim-huttenstrasse-bruchsal\/#breadcrumb","itemListElement":[{"@type":"ListItem","position":1,"name":"Startseite","item":"https:\/\/klimagerechte-architektur.de\/"},{"@type":"ListItem","position":2,"name":"Projekte","item":"https:\/\/klimagerechte-architektur.de\/projekte\/"},{"@type":"ListItem","position":3,"name":"Pflegeheim Huttenstra\u00dfe, Bruchsal"}]},{"@type":"WebSite","@id":"https:\/\/klimagerechte-architektur.de\/#website","url":"https:\/\/klimagerechte-architektur.de\/","name":"Climate-aware architecture","description":"CLIMATE JUSTICE - THE BRIDGE BETWEEN SOCIAL AND ECOLOGICAL ARCHITECTURE","publisher":{"@id":"https:\/\/klimagerechte-architektur.de\/#organization"},"potentialAction":[{"@type":"SearchAction","target":{"@type":"EntryPoint","urlTemplate":"https:\/\/klimagerechte-architektur.de\/?s={search_term_string}"},"query-input":{"@type":"PropertyValueSpecification","valueRequired":true,"valueName":"search_term_string"}}],"inLanguage":"en-GB"},{"@type":"Organization","@id":"https:\/\/klimagerechte-architektur.de\/#organization","name":"L\u00f6ffler_Schmeling Architects","url":"https:\/\/klimagerechte-architektur.de\/","logo":{"@type":"ImageObject","inLanguage":"en-GB","@id":"https:\/\/klimagerechte-architektur.de\/#\/schema\/logo\/image\/","url":"https:\/\/klimagerechte-architektur.de\/wp-content\/uploads\/2023\/01\/LS_LogoCoolveticaueberarbeitet_Anne-1.png","contentUrl":"https:\/\/klimagerechte-architektur.de\/wp-content\/uploads\/2023\/01\/LS_LogoCoolveticaueberarbeitet_Anne-1.png","width":1741,"height":402,"caption":"L\u00f6ffler_Schmeling Architekten"},"image":{"@id":"https:\/\/klimagerechte-architektur.de\/#\/schema\/logo\/image\/"}}]}},"_links":{"self":[{"href":"https:\/\/klimagerechte-architektur.de\/en\/wp-json\/wp\/v2\/projekte\/4453","targetHints":{"allow":["GET"]}}],"collection":[{"href":"https:\/\/klimagerechte-architektur.de\/en\/wp-json\/wp\/v2\/projekte"}],"about":[{"href":"https:\/\/klimagerechte-architektur.de\/en\/wp-json\/wp\/v2\/types\/projekte"}],"version-history":[{"count":1,"href":"https:\/\/klimagerechte-architektur.de\/en\/wp-json\/wp\/v2\/projekte\/4453\/revisions"}],"predecessor-version":[{"id":4622,"href":"https:\/\/klimagerechte-architektur.de\/en\/wp-json\/wp\/v2\/projekte\/4453\/revisions\/4622"}],"wp:featuredmedia":[{"embeddable":true,"href":"https:\/\/klimagerechte-architektur.de\/en\/wp-json\/wp\/v2\/media\/1103"}],"wp:attachment":[{"href":"https:\/\/klimagerechte-architektur.de\/en\/wp-json\/wp\/v2\/media?parent=4453"}],"wp:term":[{"taxonomy":"projektart","embeddable":true,"href":"https:\/\/klimagerechte-architektur.de\/en\/wp-json\/wp\/v2\/projektart?post=4453"}],"curies":[{"name":"wp","href":"https:\/\/api.w.org\/{rel}","templated":true}]}}

Huttenstraße nursing home, Bruchsal

<p>The starting point for the new construction of the Bruchsal care centre was the only partially developed derelict Denner brewery with its building fabric in danger of collapse and the historic St. Andrew's staggered structure. The care centre comprises a care home with 64 beds, 23 assisted living flats, a social centre, communal rooms, courtyards, roof gardens and an underground car park with 27 parking spaces. Just as the city as a whole has a large house (<em>maxima domus</em>), the buildings in it are also small towns (<em>minima civitas</em>). This idea of Alberti, the Italian master builder of the Renaissance, is reflected in the design approach of the nursing home: one recognises public and private areas, streets, paths and squares.</p>
<h6>On 1 April 2014, Prof. Andreas Löffler and Matthias Schmeling left the office P.I.A-Architekten, founded in 1994 by the former partners Andreas Löffler and Rainer Schneider, Gerhard Leicht and Matthias Schmeling, and founded the architectural office Löffler-Schmeling.</h6>
<h6>This project is part of the joint office history of P.I.A.</h6>

<!-- This site is optimized with the Yoast SEO plugin v27.3 - https://yoast.com/product/yoast-seo-wordpress/ -->
<title>Pflegeheim Huttenstraße, Bruchsal - Löffler_Schmeling</title>
<meta name="description" content="Unsere realisierten Projekte im Bereich nachhaltiger und ökologischer Architektur: klimagerechte Häuser, Passivhaus-Bauten und mehr im Überblick." />
<meta name="robots" content="index, follow, max-snippet:-1, max-image-preview:large, max-video-preview:-1" />
<link rel="canonical" href="https://klimagerechte-architektur.de/en/projects/nursing-home-huttenstrasse-bruchsal/" />
<meta property="og:locale" content="en_GB" />
<meta property="og:type" content="article" />
<meta property="og:title" content="Pflegeheim Huttenstraße, Bruchsal - Löffler_Schmeling" />
<meta property="og:description" content="Unsere realisierten Projekte im Bereich nachhaltiger und ökologischer Architektur: klimagerechte Häuser, Passivhaus-Bauten und mehr im Überblick." />
<meta property="og:url" content="https://klimagerechte-architektur.de/en/projects/nursing-home-huttenstrasse-bruchsal/" />
<meta property="og:site_name" content="Löffler_Schmeling" />
<meta property="article:modified_time" content="2025-02-20T10:25:15+00:00" />
<meta property="og:image" content="https://klimagerechte-architektur.de/wp-content/uploads/2023/01/pflegezentrum-minima-civitas-neubau-1.jpg" />
	<meta property="og:image:width" content="1380" />
	<meta property="og:image:height" content="1920" />
	<meta property="og:image:type" content="image/jpeg" />
<meta name="twitter:card" content="summary_large_image" />
<meta name="twitter:label1" content="Estimated reading time" />
	<meta name="twitter:data1" content="1 minute" />
<script type="application/ld+json" class="yoast-schema-graph">{"@context":"https:\/\/schema.org","@graph":[{"@type":["WebPage","ItemPage"],"@id":"https:\/\/klimagerechte-architektur.de\/projekte\/pflegeheim-huttenstrasse-bruchsal\/","url":"https:\/\/klimagerechte-architektur.de\/projekte\/pflegeheim-huttenstrasse-bruchsal\/","name":"Pflegeheim Huttenstraße, Bruchsal - Löffler_Schmeling","isPartOf":{"@id":"https:\/\/klimagerechte-architektur.de\/#website"},"primaryImageOfPage":{"@id":"https:\/\/klimagerechte-architektur.de\/projekte\/pflegeheim-huttenstrasse-bruchsal\/#primaryimage"},"image":{"@id":"https:\/\/klimagerechte-architektur.de\/projekte\/pflegeheim-huttenstrasse-bruchsal\/#primaryimage"},"thumbnailUrl":"https:\/\/klimagerechte-architektur.de\/wp-content\/uploads\/2023\/01\/pflegezentrum-minima-civitas-neubau-1.jpg","datePublished":"2010-01-09T10:36:00+00:00","dateModified":"2025-02-20T10:25:15+00:00","description":"Unsere realisierten Projekte im Bereich nachhaltiger und ökologischer Architektur: klimagerechte Häuser, Passivhaus-Bauten und mehr im Überblick.","breadcrumb":{"@id":"https:\/\/klimagerechte-architektur.de\/projekte\/pflegeheim-huttenstrasse-bruchsal\/#breadcrumb"},"inLanguage":"en-GB","potentialAction":[{"@type":"ReadAction","target":["https:\/\/klimagerechte-architektur.de\/projekte\/pflegeheim-huttenstrasse-bruchsal\/"]}]},{"@type":"ImageObject","inLanguage":"en-GB","@id":"https:\/\/klimagerechte-architektur.de\/projekte\/pflegeheim-huttenstrasse-bruchsal\/#primaryimage","url":"https:\/\/klimagerechte-architektur.de\/wp-content\/uploads\/2023\/01\/pflegezentrum-minima-civitas-neubau-1.jpg","contentUrl":"https:\/\/klimagerechte-architektur.de\/wp-content\/uploads\/2023\/01\/pflegezentrum-minima-civitas-neubau-1.jpg","width":1380,"height":1920},{"@type":"BreadcrumbList","@id":"https:\/\/klimagerechte-architektur.de\/projekte\/pflegeheim-huttenstrasse-bruchsal\/#breadcrumb","itemListElement":[{"@type":"ListItem","position":1,"name":"Startseite","item":"https:\/\/klimagerechte-architektur.de\/"},{"@type":"ListItem","position":2,"name":"Projekte","item":"https:\/\/klimagerechte-architektur.de\/projekte\/"},{"@type":"ListItem","position":3,"name":"Pflegeheim Huttenstraße, Bruchsal"}]},{"@type":"WebSite","@id":"https:\/\/klimagerechte-architektur.de\/#website","url":"https:\/\/klimagerechte-architektur.de\/","name":"Klimagerechte Architektur","description":"KLIMAGERECHTIGKEIT – DIE BRÜCKE ZWISCHEN SOZIALER UND ÖKOLOGISCHER ARCHITEKTUR","publisher":{"@id":"https:\/\/klimagerechte-architektur.de\/#organization"},"potentialAction":[{"@type":"SearchAction","target":{"@type":"EntryPoint","urlTemplate":"https:\/\/klimagerechte-architektur.de\/?s={search_term_string}"},"query-input":{"@type":"PropertyValueSpecification","valueRequired":true,"valueName":"search_term_string"}}],"inLanguage":"en-GB"},{"@type":"Organization","@id":"https:\/\/klimagerechte-architektur.de\/#organization","name":"Löffler_Schmeling Architekten","url":"https:\/\/klimagerechte-architektur.de\/","logo":{"@type":"ImageObject","inLanguage":"en-GB","@id":"https:\/\/klimagerechte-architektur.de\/#\/schema\/logo\/image\/","url":"https:\/\/klimagerechte-architektur.de\/wp-content\/uploads\/2023\/01\/LS_LogoCoolveticaueberarbeitet_Anne-1.png","contentUrl":"https:\/\/klimagerechte-architektur.de\/wp-content\/uploads\/2023\/01\/LS_LogoCoolveticaueberarbeitet_Anne-1.png","width":1741,"height":402,"caption":"Löffler_Schmeling Architekten"},"image":{"@id":"https:\/\/klimagerechte-architektur.de\/#\/schema\/logo\/image\/"}}]}</script>
<!-- / Yoast SEO plugin. -->

Nursing home Huttenstraße, Bruchsal - Löffler_Schmeling

Pflegeheim Huttenstraße, Bruchsal - Löffler_Schmeling

Unsere realisierten Projekte im Bereich nachhaltiger und ökologischer Architektur: klimagerechte Häuser, Passivhaus-Bauten und mehr im Überblick.

Löffler_Schmeling

Pflegeheim Huttenstraße, Bruchsal

Löffler_Schmeling Architects

Löffler_Schmeling Architekten
