{"id":4461,"date":"2019-07-19T10:36:00","date_gmt":"2019-07-19T10:36:00","guid":{"rendered":"https:\/\/klimagerechte-architektur.de\/index.php\/projekte\/baugruppe-c7-kraemerhof-mannheim\/"},"modified":"2019-07-19T10:36:00","modified_gmt":"2019-07-19T10:36:00","slug":"construction-group-c7-kraemerhof-mannheim","status":"publish","type":"projekte","link":"https:\/\/klimagerechte-architektur.de\/en\/projekte\/baugruppe-c7-kraemerhof-mannheim\/","title":{"rendered":"Construction group C7 Kr\u00e4merhof, Mannheim"},"content":{"rendered":"<p>The building group project in the inner-city neighbourhood courtyard in Mannheim combines building with existing buildings worthy of preservation with new construction and general refurbishment. The building is located in an inner-city neighbourhood courtyard in Mannheim. The area is characterised by the tension between history and modernity. The preservation of valuable building fabric and dealing with monument protection were an important issue. The idea of the building group unites the building community, which is made up of people from all walks of life. By offering different types and sizes of flats, all needs are catered for.<\/p>","protected":false},"featured_media":1029,"menu_order":0,"template":"","format":"standard","meta":[],"projektart":[307],"class_list":["post-4461","projekte","type-projekte","status-publish","format-standard","has-post-thumbnail","hentry","projektart-wohnungsbau"],"yoast_head":"<!-- This site is optimized with the Yoast SEO plugin v27.3 - https:\/\/yoast.com\/product\/yoast-seo-wordpress\/ -->\n<title>Baugruppe C7 Kr\u00e4merhof, Mannheim - L\u00f6ffler_Schmeling<\/title>\n<meta name=\"description\" content=\"Unsere realisierten Projekte im Bereich nachhaltiger und \u00f6kologischer Architektur: klimagerechte H\u00e4user, Passivhaus-Bauten und mehr im \u00dcberblick.\" \/>\n<meta name=\"robots\" content=\"index, follow, max-snippet:-1, max-image-preview:large, max-video-preview:-1\" \/>\n<link rel=\"canonical\" href=\"https:\/\/klimagerechte-architektur.de\/en\/projects\/construction-group-c7-kraemerhof-mannheim\/\" \/>\n<meta property=\"og:locale\" content=\"en_GB\" \/>\n<meta property=\"og:type\" content=\"article\" \/>\n<meta property=\"og:title\" content=\"Baugruppe C7 Kr\u00e4merhof, Mannheim - L\u00f6ffler_Schmeling\" \/>\n<meta property=\"og:description\" content=\"Unsere realisierten Projekte im Bereich nachhaltiger und \u00f6kologischer Architektur: klimagerechte H\u00e4user, Passivhaus-Bauten und mehr im \u00dcberblick.\" \/>\n<meta property=\"og:url\" content=\"https:\/\/klimagerechte-architektur.de\/en\/projects\/construction-group-c7-kraemerhof-mannheim\/\" \/>\n<meta property=\"og:site_name\" content=\"L\u00f6ffler_Schmeling\" \/>\n<meta property=\"og:image\" content=\"https:\/\/klimagerechte-architektur.de\/wp-content\/uploads\/2023\/01\/baugruppe-mannheim-wohnen-quartiershof-bauen-im-bestand.jpg\" \/>\n\t<meta property=\"og:image:width\" content=\"1920\" \/>\n\t<meta property=\"og:image:height\" content=\"1621\" \/>\n\t<meta property=\"og:image:type\" content=\"image\/jpeg\" \/>\n<meta name=\"twitter:card\" content=\"summary_large_image\" \/>\n<meta name=\"twitter:label1\" content=\"Estimated reading time\" \/>\n\t<meta name=\"twitter:data1\" content=\"1 minute\" \/>\n<script type=\"application\/ld+json\" class=\"yoast-schema-graph\">{\"@context\":\"https:\\\/\\\/schema.org\",\"@graph\":[{\"@type\":[\"WebPage\",\"ItemPage\"],\"@id\":\"https:\\\/\\\/klimagerechte-architektur.de\\\/projekte\\\/baugruppe-c7-kraemerhof-mannheim\\\/\",\"url\":\"https:\\\/\\\/klimagerechte-architektur.de\\\/projekte\\\/baugruppe-c7-kraemerhof-mannheim\\\/\",\"name\":\"Baugruppe C7 Kr\u00e4merhof, Mannheim - L\u00f6ffler_Schmeling\",\"isPartOf\":{\"@id\":\"https:\\\/\\\/klimagerechte-architektur.de\\\/#website\"},\"primaryImageOfPage\":{\"@id\":\"https:\\\/\\\/klimagerechte-architektur.de\\\/projekte\\\/baugruppe-c7-kraemerhof-mannheim\\\/#primaryimage\"},\"image\":{\"@id\":\"https:\\\/\\\/klimagerechte-architektur.de\\\/projekte\\\/baugruppe-c7-kraemerhof-mannheim\\\/#primaryimage\"},\"thumbnailUrl\":\"https:\\\/\\\/klimagerechte-architektur.de\\\/wp-content\\\/uploads\\\/2023\\\/01\\\/baugruppe-mannheim-wohnen-quartiershof-bauen-im-bestand.jpg\",\"datePublished\":\"2019-07-19T10:36:00+00:00\",\"description\":\"Unsere realisierten Projekte im Bereich nachhaltiger und \u00f6kologischer Architektur: klimagerechte H\u00e4user, Passivhaus-Bauten und mehr im \u00dcberblick.\",\"breadcrumb\":{\"@id\":\"https:\\\/\\\/klimagerechte-architektur.de\\\/projekte\\\/baugruppe-c7-kraemerhof-mannheim\\\/#breadcrumb\"},\"inLanguage\":\"en-GB\",\"potentialAction\":[{\"@type\":\"ReadAction\",\"target\":[\"https:\\\/\\\/klimagerechte-architektur.de\\\/projekte\\\/baugruppe-c7-kraemerhof-mannheim\\\/\"]}]},{\"@type\":\"ImageObject\",\"inLanguage\":\"en-GB\",\"@id\":\"https:\\\/\\\/klimagerechte-architektur.de\\\/projekte\\\/baugruppe-c7-kraemerhof-mannheim\\\/#primaryimage\",\"url\":\"https:\\\/\\\/klimagerechte-architektur.de\\\/wp-content\\\/uploads\\\/2023\\\/01\\\/baugruppe-mannheim-wohnen-quartiershof-bauen-im-bestand.jpg\",\"contentUrl\":\"https:\\\/\\\/klimagerechte-architektur.de\\\/wp-content\\\/uploads\\\/2023\\\/01\\\/baugruppe-mannheim-wohnen-quartiershof-bauen-im-bestand.jpg\",\"width\":1920,\"height\":1621},{\"@type\":\"BreadcrumbList\",\"@id\":\"https:\\\/\\\/klimagerechte-architektur.de\\\/projekte\\\/baugruppe-c7-kraemerhof-mannheim\\\/#breadcrumb\",\"itemListElement\":[{\"@type\":\"ListItem\",\"position\":1,\"name\":\"Startseite\",\"item\":\"https:\\\/\\\/klimagerechte-architektur.de\\\/\"},{\"@type\":\"ListItem\",\"position\":2,\"name\":\"Projekte\",\"item\":\"https:\\\/\\\/klimagerechte-architektur.de\\\/projekte\\\/\"},{\"@type\":\"ListItem\",\"position\":3,\"name\":\"Baugruppe C7 Kr\u00e4merhof, Mannheim\"}]},{\"@type\":\"WebSite\",\"@id\":\"https:\\\/\\\/klimagerechte-architektur.de\\\/#website\",\"url\":\"https:\\\/\\\/klimagerechte-architektur.de\\\/\",\"name\":\"Klimagerechte Architektur\",\"description\":\"KLIMAGERECHTIGKEIT \u2013 DIE BR\u00dcCKE ZWISCHEN SOZIALER UND \u00d6KOLOGISCHER ARCHITEKTUR\",\"publisher\":{\"@id\":\"https:\\\/\\\/klimagerechte-architektur.de\\\/#organization\"},\"potentialAction\":[{\"@type\":\"SearchAction\",\"target\":{\"@type\":\"EntryPoint\",\"urlTemplate\":\"https:\\\/\\\/klimagerechte-architektur.de\\\/?s={search_term_string}\"},\"query-input\":{\"@type\":\"PropertyValueSpecification\",\"valueRequired\":true,\"valueName\":\"search_term_string\"}}],\"inLanguage\":\"en-GB\"},{\"@type\":\"Organization\",\"@id\":\"https:\\\/\\\/klimagerechte-architektur.de\\\/#organization\",\"name\":\"L\u00f6ffler_Schmeling Architekten\",\"url\":\"https:\\\/\\\/klimagerechte-architektur.de\\\/\",\"logo\":{\"@type\":\"ImageObject\",\"inLanguage\":\"en-GB\",\"@id\":\"https:\\\/\\\/klimagerechte-architektur.de\\\/#\\\/schema\\\/logo\\\/image\\\/\",\"url\":\"https:\\\/\\\/klimagerechte-architektur.de\\\/wp-content\\\/uploads\\\/2023\\\/01\\\/LS_LogoCoolveticaueberarbeitet_Anne-1.png\",\"contentUrl\":\"https:\\\/\\\/klimagerechte-architektur.de\\\/wp-content\\\/uploads\\\/2023\\\/01\\\/LS_LogoCoolveticaueberarbeitet_Anne-1.png\",\"width\":1741,\"height\":402,\"caption\":\"L\u00f6ffler_Schmeling Architekten\"},\"image\":{\"@id\":\"https:\\\/\\\/klimagerechte-architektur.de\\\/#\\\/schema\\\/logo\\\/image\\\/\"}}]}<\/script>\n<!-- \/ Yoast SEO plugin. -->","yoast_head_json":{"title":"Building group C7 Kr\u00e4merhof, Mannheim - L\u00f6ffler_Schmeling","description":"An overview of our realised projects in the field of sustainable and ecological architecture: climate-friendly houses, passive house buildings and more.","robots":{"index":"index","follow":"follow","max-snippet":"max-snippet:-1","max-image-preview":"max-image-preview:large","max-video-preview":"max-video-preview:-1"},"canonical":"https:\/\/klimagerechte-architektur.de\/en\/projects\/construction-group-c7-kraemerhof-mannheim\/","og_locale":"en_GB","og_type":"article","og_title":"Baugruppe C7 Kr\u00e4merhof, Mannheim - L\u00f6ffler_Schmeling","og_description":"Unsere realisierten Projekte im Bereich nachhaltiger und \u00f6kologischer Architektur: klimagerechte H\u00e4user, Passivhaus-Bauten und mehr im \u00dcberblick.","og_url":"https:\/\/klimagerechte-architektur.de\/en\/projects\/construction-group-c7-kraemerhof-mannheim\/","og_site_name":"L\u00f6ffler_Schmeling","og_image":[{"width":1920,"height":1621,"url":"https:\/\/klimagerechte-architektur.de\/wp-content\/uploads\/2023\/01\/baugruppe-mannheim-wohnen-quartiershof-bauen-im-bestand.jpg","type":"image\/jpeg"}],"twitter_card":"summary_large_image","twitter_misc":{"Estimated reading time":"1 minute"},"schema":{"@context":"https:\/\/schema.org","@graph":[{"@type":["WebPage","ItemPage"],"@id":"https:\/\/klimagerechte-architektur.de\/projekte\/baugruppe-c7-kraemerhof-mannheim\/","url":"https:\/\/klimagerechte-architektur.de\/projekte\/baugruppe-c7-kraemerhof-mannheim\/","name":"Building group C7 Kr\u00e4merhof, Mannheim - L\u00f6ffler_Schmeling","isPartOf":{"@id":"https:\/\/klimagerechte-architektur.de\/#website"},"primaryImageOfPage":{"@id":"https:\/\/klimagerechte-architektur.de\/projekte\/baugruppe-c7-kraemerhof-mannheim\/#primaryimage"},"image":{"@id":"https:\/\/klimagerechte-architektur.de\/projekte\/baugruppe-c7-kraemerhof-mannheim\/#primaryimage"},"thumbnailUrl":"https:\/\/klimagerechte-architektur.de\/wp-content\/uploads\/2023\/01\/baugruppe-mannheim-wohnen-quartiershof-bauen-im-bestand.jpg","datePublished":"2019-07-19T10:36:00+00:00","description":"An overview of our realised projects in the field of sustainable and ecological architecture: climate-friendly houses, passive house buildings and more.","breadcrumb":{"@id":"https:\/\/klimagerechte-architektur.de\/projekte\/baugruppe-c7-kraemerhof-mannheim\/#breadcrumb"},"inLanguage":"en-GB","potentialAction":[{"@type":"ReadAction","target":["https:\/\/klimagerechte-architektur.de\/projekte\/baugruppe-c7-kraemerhof-mannheim\/"]}]},{"@type":"ImageObject","inLanguage":"en-GB","@id":"https:\/\/klimagerechte-architektur.de\/projekte\/baugruppe-c7-kraemerhof-mannheim\/#primaryimage","url":"https:\/\/klimagerechte-architektur.de\/wp-content\/uploads\/2023\/01\/baugruppe-mannheim-wohnen-quartiershof-bauen-im-bestand.jpg","contentUrl":"https:\/\/klimagerechte-architektur.de\/wp-content\/uploads\/2023\/01\/baugruppe-mannheim-wohnen-quartiershof-bauen-im-bestand.jpg","width":1920,"height":1621},{"@type":"BreadcrumbList","@id":"https:\/\/klimagerechte-architektur.de\/projekte\/baugruppe-c7-kraemerhof-mannheim\/#breadcrumb","itemListElement":[{"@type":"ListItem","position":1,"name":"Startseite","item":"https:\/\/klimagerechte-architektur.de\/"},{"@type":"ListItem","position":2,"name":"Projekte","item":"https:\/\/klimagerechte-architektur.de\/projekte\/"},{"@type":"ListItem","position":3,"name":"Baugruppe C7 Kr\u00e4merhof, Mannheim"}]},{"@type":"WebSite","@id":"https:\/\/klimagerechte-architektur.de\/#website","url":"https:\/\/klimagerechte-architektur.de\/","name":"Climate-aware architecture","description":"CLIMATE JUSTICE - THE BRIDGE BETWEEN SOCIAL AND ECOLOGICAL ARCHITECTURE","publisher":{"@id":"https:\/\/klimagerechte-architektur.de\/#organization"},"potentialAction":[{"@type":"SearchAction","target":{"@type":"EntryPoint","urlTemplate":"https:\/\/klimagerechte-architektur.de\/?s={search_term_string}"},"query-input":{"@type":"PropertyValueSpecification","valueRequired":true,"valueName":"search_term_string"}}],"inLanguage":"en-GB"},{"@type":"Organization","@id":"https:\/\/klimagerechte-architektur.de\/#organization","name":"L\u00f6ffler_Schmeling Architects","url":"https:\/\/klimagerechte-architektur.de\/","logo":{"@type":"ImageObject","inLanguage":"en-GB","@id":"https:\/\/klimagerechte-architektur.de\/#\/schema\/logo\/image\/","url":"https:\/\/klimagerechte-architektur.de\/wp-content\/uploads\/2023\/01\/LS_LogoCoolveticaueberarbeitet_Anne-1.png","contentUrl":"https:\/\/klimagerechte-architektur.de\/wp-content\/uploads\/2023\/01\/LS_LogoCoolveticaueberarbeitet_Anne-1.png","width":1741,"height":402,"caption":"L\u00f6ffler_Schmeling Architekten"},"image":{"@id":"https:\/\/klimagerechte-architektur.de\/#\/schema\/logo\/image\/"}}]}},"_links":{"self":[{"href":"https:\/\/klimagerechte-architektur.de\/en\/wp-json\/wp\/v2\/projekte\/4461","targetHints":{"allow":["GET"]}}],"collection":[{"href":"https:\/\/klimagerechte-architektur.de\/en\/wp-json\/wp\/v2\/projekte"}],"about":[{"href":"https:\/\/klimagerechte-architektur.de\/en\/wp-json\/wp\/v2\/types\/projekte"}],"version-history":[{"count":0,"href":"https:\/\/klimagerechte-architektur.de\/en\/wp-json\/wp\/v2\/projekte\/4461\/revisions"}],"wp:featuredmedia":[{"embeddable":true,"href":"https:\/\/klimagerechte-architektur.de\/en\/wp-json\/wp\/v2\/media\/1029"}],"wp:attachment":[{"href":"https:\/\/klimagerechte-architektur.de\/en\/wp-json\/wp\/v2\/media?parent=4461"}],"wp:term":[{"taxonomy":"projektart","embeddable":true,"href":"https:\/\/klimagerechte-architektur.de\/en\/wp-json\/wp\/v2\/projektart?post=4461"}],"curies":[{"name":"wp","href":"https:\/\/api.w.org\/{rel}","templated":true}]}}

Construction group C7 Krämerhof, Mannheim

<!-- This site is optimized with the Yoast SEO plugin v27.3 - https://yoast.com/product/yoast-seo-wordpress/ -->
<title>Baugruppe C7 Krämerhof, Mannheim - Löffler_Schmeling</title>
<meta name="description" content="Unsere realisierten Projekte im Bereich nachhaltiger und ökologischer Architektur: klimagerechte Häuser, Passivhaus-Bauten und mehr im Überblick." />
<meta name="robots" content="index, follow, max-snippet:-1, max-image-preview:large, max-video-preview:-1" />
<link rel="canonical" href="https://klimagerechte-architektur.de/en/projects/construction-group-c7-kraemerhof-mannheim/" />
<meta property="og:locale" content="en_GB" />
<meta property="og:type" content="article" />
<meta property="og:title" content="Baugruppe C7 Krämerhof, Mannheim - Löffler_Schmeling" />
<meta property="og:description" content="Unsere realisierten Projekte im Bereich nachhaltiger und ökologischer Architektur: klimagerechte Häuser, Passivhaus-Bauten und mehr im Überblick." />
<meta property="og:url" content="https://klimagerechte-architektur.de/en/projects/construction-group-c7-kraemerhof-mannheim/" />
<meta property="og:site_name" content="Löffler_Schmeling" />
<meta property="og:image" content="https://klimagerechte-architektur.de/wp-content/uploads/2023/01/baugruppe-mannheim-wohnen-quartiershof-bauen-im-bestand.jpg" />
	<meta property="og:image:width" content="1920" />
	<meta property="og:image:height" content="1621" />
	<meta property="og:image:type" content="image/jpeg" />
<meta name="twitter:card" content="summary_large_image" />
<meta name="twitter:label1" content="Estimated reading time" />
	<meta name="twitter:data1" content="1 minute" />
<script type="application/ld+json" class="yoast-schema-graph">{"@context":"https:\/\/schema.org","@graph":[{"@type":["WebPage","ItemPage"],"@id":"https:\/\/klimagerechte-architektur.de\/projekte\/baugruppe-c7-kraemerhof-mannheim\/","url":"https:\/\/klimagerechte-architektur.de\/projekte\/baugruppe-c7-kraemerhof-mannheim\/","name":"Baugruppe C7 Krämerhof, Mannheim - Löffler_Schmeling","isPartOf":{"@id":"https:\/\/klimagerechte-architektur.de\/#website"},"primaryImageOfPage":{"@id":"https:\/\/klimagerechte-architektur.de\/projekte\/baugruppe-c7-kraemerhof-mannheim\/#primaryimage"},"image":{"@id":"https:\/\/klimagerechte-architektur.de\/projekte\/baugruppe-c7-kraemerhof-mannheim\/#primaryimage"},"thumbnailUrl":"https:\/\/klimagerechte-architektur.de\/wp-content\/uploads\/2023\/01\/baugruppe-mannheim-wohnen-quartiershof-bauen-im-bestand.jpg","datePublished":"2019-07-19T10:36:00+00:00","description":"Unsere realisierten Projekte im Bereich nachhaltiger und ökologischer Architektur: klimagerechte Häuser, Passivhaus-Bauten und mehr im Überblick.","breadcrumb":{"@id":"https:\/\/klimagerechte-architektur.de\/projekte\/baugruppe-c7-kraemerhof-mannheim\/#breadcrumb"},"inLanguage":"en-GB","potentialAction":[{"@type":"ReadAction","target":["https:\/\/klimagerechte-architektur.de\/projekte\/baugruppe-c7-kraemerhof-mannheim\/"]}]},{"@type":"ImageObject","inLanguage":"en-GB","@id":"https:\/\/klimagerechte-architektur.de\/projekte\/baugruppe-c7-kraemerhof-mannheim\/#primaryimage","url":"https:\/\/klimagerechte-architektur.de\/wp-content\/uploads\/2023\/01\/baugruppe-mannheim-wohnen-quartiershof-bauen-im-bestand.jpg","contentUrl":"https:\/\/klimagerechte-architektur.de\/wp-content\/uploads\/2023\/01\/baugruppe-mannheim-wohnen-quartiershof-bauen-im-bestand.jpg","width":1920,"height":1621},{"@type":"BreadcrumbList","@id":"https:\/\/klimagerechte-architektur.de\/projekte\/baugruppe-c7-kraemerhof-mannheim\/#breadcrumb","itemListElement":[{"@type":"ListItem","position":1,"name":"Startseite","item":"https:\/\/klimagerechte-architektur.de\/"},{"@type":"ListItem","position":2,"name":"Projekte","item":"https:\/\/klimagerechte-architektur.de\/projekte\/"},{"@type":"ListItem","position":3,"name":"Baugruppe C7 Krämerhof, Mannheim"}]},{"@type":"WebSite","@id":"https:\/\/klimagerechte-architektur.de\/#website","url":"https:\/\/klimagerechte-architektur.de\/","name":"Klimagerechte Architektur","description":"KLIMAGERECHTIGKEIT – DIE BRÜCKE ZWISCHEN SOZIALER UND ÖKOLOGISCHER ARCHITEKTUR","publisher":{"@id":"https:\/\/klimagerechte-architektur.de\/#organization"},"potentialAction":[{"@type":"SearchAction","target":{"@type":"EntryPoint","urlTemplate":"https:\/\/klimagerechte-architektur.de\/?s={search_term_string}"},"query-input":{"@type":"PropertyValueSpecification","valueRequired":true,"valueName":"search_term_string"}}],"inLanguage":"en-GB"},{"@type":"Organization","@id":"https:\/\/klimagerechte-architektur.de\/#organization","name":"Löffler_Schmeling Architekten","url":"https:\/\/klimagerechte-architektur.de\/","logo":{"@type":"ImageObject","inLanguage":"en-GB","@id":"https:\/\/klimagerechte-architektur.de\/#\/schema\/logo\/image\/","url":"https:\/\/klimagerechte-architektur.de\/wp-content\/uploads\/2023\/01\/LS_LogoCoolveticaueberarbeitet_Anne-1.png","contentUrl":"https:\/\/klimagerechte-architektur.de\/wp-content\/uploads\/2023\/01\/LS_LogoCoolveticaueberarbeitet_Anne-1.png","width":1741,"height":402,"caption":"Löffler_Schmeling Architekten"},"image":{"@id":"https:\/\/klimagerechte-architektur.de\/#\/schema\/logo\/image\/"}}]}</script>
<!-- / Yoast SEO plugin. -->

Building group C7 Krämerhof, Mannheim - Löffler_Schmeling

Baugruppe C7 Krämerhof, Mannheim - Löffler_Schmeling

Unsere realisierten Projekte im Bereich nachhaltiger und ökologischer Architektur: klimagerechte Häuser, Passivhaus-Bauten und mehr im Überblick.

Löffler_Schmeling

Baugruppe C7 Krämerhof, Mannheim

Löffler_Schmeling Architects

Löffler_Schmeling Architekten
