{"id":4481,"date":"2023-07-28T09:57:52","date_gmt":"2023-07-28T09:57:52","guid":{"rendered":"https:\/\/klimagerechte-architektur.de\/?post_type=projekte&amp;p=2799"},"modified":"2023-07-28T09:57:52","modified_gmt":"2023-07-28T09:57:52","slug":"nature-information-centre-ludwigsburg","status":"publish","type":"projekte","link":"https:\/\/klimagerechte-architektur.de\/en\/projekte\/naturinformationszentrum-ludwigsburg\/","title":{"rendered":"Nature Information Centre, Ludwigsburg"},"content":{"rendered":"<p>In cooperation with the city of Ludwigsburg and the beekeepers' association, a practical and teaching concept was launched at the Stuttgart University of Applied Sciences (HFT) under the direction of Professor Andreas L\u00f6ffler. The aim was to develop a building for beekeepers and as a nature information centre with the highest standards of sustainability for architecture and building technology on the site of the renaturalised Hungerberg. The building is made of rammed earth and wood. The optimised design allows both passive and active solar energy to be used in an exemplary manner and is equipped with an ice store and heat pump for the heat supply. The building was realised by the students of the HFT and the beekeepers themselves. The project can be categorised as exemplary in many respects in terms of design, construction and sustainability. Subsequent monitoring confirms this thesis in a scientifically sound manner.<\/p>","protected":false},"featured_media":2926,"menu_order":0,"template":"","format":"standard","meta":[],"projektart":[308],"class_list":["post-4481","projekte","type-projekte","status-publish","format-standard","has-post-thumbnail","hentry","projektart-innenraum"],"yoast_head":"<!-- This site is optimized with the Yoast SEO plugin v27.3 - https:\/\/yoast.com\/product\/yoast-seo-wordpress\/ -->\n<title>Naturinformationszentrum, Ludwigsburg - L\u00f6ffler_Schmeling<\/title>\n<meta name=\"description\" content=\"Unsere realisierten Projekte im Bereich nachhaltiger und \u00f6kologischer Architektur: klimagerechte H\u00e4user, Passivhaus-Bauten und mehr im \u00dcberblick.\" \/>\n<meta name=\"robots\" content=\"index, follow, max-snippet:-1, max-image-preview:large, max-video-preview:-1\" \/>\n<link rel=\"canonical\" href=\"https:\/\/klimagerechte-architektur.de\/en\/projects\/nature-information-centre-ludwigsburg\/\" \/>\n<meta property=\"og:locale\" content=\"en_GB\" \/>\n<meta property=\"og:type\" content=\"article\" \/>\n<meta property=\"og:title\" content=\"Naturinformationszentrum, Ludwigsburg - L\u00f6ffler_Schmeling\" \/>\n<meta property=\"og:description\" content=\"Unsere realisierten Projekte im Bereich nachhaltiger und \u00f6kologischer Architektur: klimagerechte H\u00e4user, Passivhaus-Bauten und mehr im \u00dcberblick.\" \/>\n<meta property=\"og:url\" content=\"https:\/\/klimagerechte-architektur.de\/en\/projects\/nature-information-centre-ludwigsburg\/\" \/>\n<meta property=\"og:site_name\" content=\"L\u00f6ffler_Schmeling\" \/>\n<meta property=\"og:image\" content=\"https:\/\/klimagerechte-architektur.de\/wp-content\/uploads\/2023\/07\/Ansicht-Sued-1-scaled.jpg\" \/>\n\t<meta property=\"og:image:width\" content=\"2560\" \/>\n\t<meta property=\"og:image:height\" content=\"1241\" \/>\n\t<meta property=\"og:image:type\" content=\"image\/jpeg\" \/>\n<meta name=\"twitter:card\" content=\"summary_large_image\" \/>\n<meta name=\"twitter:label1\" content=\"Estimated reading time\" \/>\n\t<meta name=\"twitter:data1\" content=\"1 minute\" \/>\n<script type=\"application\/ld+json\" class=\"yoast-schema-graph\">{\"@context\":\"https:\\\/\\\/schema.org\",\"@graph\":[{\"@type\":[\"WebPage\",\"CollectionPage\"],\"@id\":\"https:\\\/\\\/klimagerechte-architektur.de\\\/projekte\\\/naturinformationszentrum-ludwigsburg\\\/\",\"url\":\"https:\\\/\\\/klimagerechte-architektur.de\\\/projekte\\\/naturinformationszentrum-ludwigsburg\\\/\",\"name\":\"Naturinformationszentrum, Ludwigsburg - L\u00f6ffler_Schmeling\",\"isPartOf\":{\"@id\":\"https:\\\/\\\/klimagerechte-architektur.de\\\/#website\"},\"primaryImageOfPage\":{\"@id\":\"https:\\\/\\\/klimagerechte-architektur.de\\\/projekte\\\/naturinformationszentrum-ludwigsburg\\\/#primaryimage\"},\"image\":{\"@id\":\"https:\\\/\\\/klimagerechte-architektur.de\\\/projekte\\\/naturinformationszentrum-ludwigsburg\\\/#primaryimage\"},\"thumbnailUrl\":\"https:\\\/\\\/klimagerechte-architektur.de\\\/wp-content\\\/uploads\\\/2023\\\/07\\\/Ansicht-Sued-1-scaled.jpg\",\"datePublished\":\"2023-07-28T09:57:52+00:00\",\"description\":\"Unsere realisierten Projekte im Bereich nachhaltiger und \u00f6kologischer Architektur: klimagerechte H\u00e4user, Passivhaus-Bauten und mehr im \u00dcberblick.\",\"breadcrumb\":{\"@id\":\"https:\\\/\\\/klimagerechte-architektur.de\\\/projekte\\\/naturinformationszentrum-ludwigsburg\\\/#breadcrumb\"},\"inLanguage\":\"en-GB\"},{\"@type\":\"ImageObject\",\"inLanguage\":\"en-GB\",\"@id\":\"https:\\\/\\\/klimagerechte-architektur.de\\\/projekte\\\/naturinformationszentrum-ludwigsburg\\\/#primaryimage\",\"url\":\"https:\\\/\\\/klimagerechte-architektur.de\\\/wp-content\\\/uploads\\\/2023\\\/07\\\/Ansicht-Sued-1-scaled.jpg\",\"contentUrl\":\"https:\\\/\\\/klimagerechte-architektur.de\\\/wp-content\\\/uploads\\\/2023\\\/07\\\/Ansicht-Sued-1-scaled.jpg\",\"width\":2560,\"height\":1241},{\"@type\":\"BreadcrumbList\",\"@id\":\"https:\\\/\\\/klimagerechte-architektur.de\\\/projekte\\\/naturinformationszentrum-ludwigsburg\\\/#breadcrumb\",\"itemListElement\":[{\"@type\":\"ListItem\",\"position\":1,\"name\":\"Startseite\",\"item\":\"https:\\\/\\\/klimagerechte-architektur.de\\\/\"},{\"@type\":\"ListItem\",\"position\":2,\"name\":\"Projekte\",\"item\":\"https:\\\/\\\/klimagerechte-architektur.de\\\/projekte\\\/\"},{\"@type\":\"ListItem\",\"position\":3,\"name\":\"Naturinformationszentrum, Ludwigsburg\"}]},{\"@type\":\"WebSite\",\"@id\":\"https:\\\/\\\/klimagerechte-architektur.de\\\/#website\",\"url\":\"https:\\\/\\\/klimagerechte-architektur.de\\\/\",\"name\":\"Klimagerechte Architektur\",\"description\":\"KLIMAGERECHTIGKEIT \u2013 DIE BR\u00dcCKE ZWISCHEN SOZIALER UND \u00d6KOLOGISCHER ARCHITEKTUR\",\"publisher\":{\"@id\":\"https:\\\/\\\/klimagerechte-architektur.de\\\/#organization\"},\"potentialAction\":[{\"@type\":\"SearchAction\",\"target\":{\"@type\":\"EntryPoint\",\"urlTemplate\":\"https:\\\/\\\/klimagerechte-architektur.de\\\/?s={search_term_string}\"},\"query-input\":{\"@type\":\"PropertyValueSpecification\",\"valueRequired\":true,\"valueName\":\"search_term_string\"}}],\"inLanguage\":\"en-GB\"},{\"@type\":\"Organization\",\"@id\":\"https:\\\/\\\/klimagerechte-architektur.de\\\/#organization\",\"name\":\"L\u00f6ffler_Schmeling Architekten\",\"url\":\"https:\\\/\\\/klimagerechte-architektur.de\\\/\",\"logo\":{\"@type\":\"ImageObject\",\"inLanguage\":\"en-GB\",\"@id\":\"https:\\\/\\\/klimagerechte-architektur.de\\\/#\\\/schema\\\/logo\\\/image\\\/\",\"url\":\"https:\\\/\\\/klimagerechte-architektur.de\\\/wp-content\\\/uploads\\\/2023\\\/01\\\/LS_LogoCoolveticaueberarbeitet_Anne-1.png\",\"contentUrl\":\"https:\\\/\\\/klimagerechte-architektur.de\\\/wp-content\\\/uploads\\\/2023\\\/01\\\/LS_LogoCoolveticaueberarbeitet_Anne-1.png\",\"width\":1741,\"height\":402,\"caption\":\"L\u00f6ffler_Schmeling Architekten\"},\"image\":{\"@id\":\"https:\\\/\\\/klimagerechte-architektur.de\\\/#\\\/schema\\\/logo\\\/image\\\/\"}}]}<\/script>\n<!-- \/ Yoast SEO plugin. -->","yoast_head_json":{"title":"Nature Information Centre, Ludwigsburg - L\u00f6ffler_Schmeling","description":"An overview of our realised projects in the field of sustainable and ecological architecture: climate-friendly houses, passive house buildings and more.","robots":{"index":"index","follow":"follow","max-snippet":"max-snippet:-1","max-image-preview":"max-image-preview:large","max-video-preview":"max-video-preview:-1"},"canonical":"https:\/\/klimagerechte-architektur.de\/en\/projects\/nature-information-centre-ludwigsburg\/","og_locale":"en_GB","og_type":"article","og_title":"Naturinformationszentrum, Ludwigsburg - L\u00f6ffler_Schmeling","og_description":"Unsere realisierten Projekte im Bereich nachhaltiger und \u00f6kologischer Architektur: klimagerechte H\u00e4user, Passivhaus-Bauten und mehr im \u00dcberblick.","og_url":"https:\/\/klimagerechte-architektur.de\/en\/projects\/nature-information-centre-ludwigsburg\/","og_site_name":"L\u00f6ffler_Schmeling","og_image":[{"width":2560,"height":1241,"url":"https:\/\/klimagerechte-architektur.de\/wp-content\/uploads\/2023\/07\/Ansicht-Sued-1-scaled.jpg","type":"image\/jpeg"}],"twitter_card":"summary_large_image","twitter_misc":{"Estimated reading time":"1 minute"},"schema":{"@context":"https:\/\/schema.org","@graph":[{"@type":["WebPage","CollectionPage"],"@id":"https:\/\/klimagerechte-architektur.de\/projekte\/naturinformationszentrum-ludwigsburg\/","url":"https:\/\/klimagerechte-architektur.de\/projekte\/naturinformationszentrum-ludwigsburg\/","name":"Nature Information Centre, Ludwigsburg - L\u00f6ffler_Schmeling","isPartOf":{"@id":"https:\/\/klimagerechte-architektur.de\/#website"},"primaryImageOfPage":{"@id":"https:\/\/klimagerechte-architektur.de\/projekte\/naturinformationszentrum-ludwigsburg\/#primaryimage"},"image":{"@id":"https:\/\/klimagerechte-architektur.de\/projekte\/naturinformationszentrum-ludwigsburg\/#primaryimage"},"thumbnailUrl":"https:\/\/klimagerechte-architektur.de\/wp-content\/uploads\/2023\/07\/Ansicht-Sued-1-scaled.jpg","datePublished":"2023-07-28T09:57:52+00:00","description":"An overview of our realised projects in the field of sustainable and ecological architecture: climate-friendly houses, passive house buildings and more.","breadcrumb":{"@id":"https:\/\/klimagerechte-architektur.de\/projekte\/naturinformationszentrum-ludwigsburg\/#breadcrumb"},"inLanguage":"en-GB"},{"@type":"ImageObject","inLanguage":"en-GB","@id":"https:\/\/klimagerechte-architektur.de\/projekte\/naturinformationszentrum-ludwigsburg\/#primaryimage","url":"https:\/\/klimagerechte-architektur.de\/wp-content\/uploads\/2023\/07\/Ansicht-Sued-1-scaled.jpg","contentUrl":"https:\/\/klimagerechte-architektur.de\/wp-content\/uploads\/2023\/07\/Ansicht-Sued-1-scaled.jpg","width":2560,"height":1241},{"@type":"BreadcrumbList","@id":"https:\/\/klimagerechte-architektur.de\/projekte\/naturinformationszentrum-ludwigsburg\/#breadcrumb","itemListElement":[{"@type":"ListItem","position":1,"name":"Startseite","item":"https:\/\/klimagerechte-architektur.de\/"},{"@type":"ListItem","position":2,"name":"Projekte","item":"https:\/\/klimagerechte-architektur.de\/projekte\/"},{"@type":"ListItem","position":3,"name":"Naturinformationszentrum, Ludwigsburg"}]},{"@type":"WebSite","@id":"https:\/\/klimagerechte-architektur.de\/#website","url":"https:\/\/klimagerechte-architektur.de\/","name":"Climate-aware architecture","description":"CLIMATE JUSTICE - THE BRIDGE BETWEEN SOCIAL AND ECOLOGICAL ARCHITECTURE","publisher":{"@id":"https:\/\/klimagerechte-architektur.de\/#organization"},"potentialAction":[{"@type":"SearchAction","target":{"@type":"EntryPoint","urlTemplate":"https:\/\/klimagerechte-architektur.de\/?s={search_term_string}"},"query-input":{"@type":"PropertyValueSpecification","valueRequired":true,"valueName":"search_term_string"}}],"inLanguage":"en-GB"},{"@type":"Organization","@id":"https:\/\/klimagerechte-architektur.de\/#organization","name":"L\u00f6ffler_Schmeling Architects","url":"https:\/\/klimagerechte-architektur.de\/","logo":{"@type":"ImageObject","inLanguage":"en-GB","@id":"https:\/\/klimagerechte-architektur.de\/#\/schema\/logo\/image\/","url":"https:\/\/klimagerechte-architektur.de\/wp-content\/uploads\/2023\/01\/LS_LogoCoolveticaueberarbeitet_Anne-1.png","contentUrl":"https:\/\/klimagerechte-architektur.de\/wp-content\/uploads\/2023\/01\/LS_LogoCoolveticaueberarbeitet_Anne-1.png","width":1741,"height":402,"caption":"L\u00f6ffler_Schmeling Architekten"},"image":{"@id":"https:\/\/klimagerechte-architektur.de\/#\/schema\/logo\/image\/"}}]}},"_links":{"self":[{"href":"https:\/\/klimagerechte-architektur.de\/en\/wp-json\/wp\/v2\/projekte\/4481","targetHints":{"allow":["GET"]}}],"collection":[{"href":"https:\/\/klimagerechte-architektur.de\/en\/wp-json\/wp\/v2\/projekte"}],"about":[{"href":"https:\/\/klimagerechte-architektur.de\/en\/wp-json\/wp\/v2\/types\/projekte"}],"version-history":[{"count":0,"href":"https:\/\/klimagerechte-architektur.de\/en\/wp-json\/wp\/v2\/projekte\/4481\/revisions"}],"wp:featuredmedia":[{"embeddable":true,"href":"https:\/\/klimagerechte-architektur.de\/en\/wp-json\/wp\/v2\/media\/2926"}],"wp:attachment":[{"href":"https:\/\/klimagerechte-architektur.de\/en\/wp-json\/wp\/v2\/media?parent=4481"}],"wp:term":[{"taxonomy":"projektart","embeddable":true,"href":"https:\/\/klimagerechte-architektur.de\/en\/wp-json\/wp\/v2\/projektart?post=4481"}],"curies":[{"name":"wp","href":"https:\/\/api.w.org\/{rel}","templated":true}]}}

<p>In cooperation with the city of Ludwigsburg and the beekeepers' association, a practical and teaching concept was launched at the Stuttgart University of Applied Sciences (HFT) under the direction of Professor Andreas Löffler. The aim was to develop a building for beekeepers and as a nature information centre with the highest standards of sustainability for architecture and building technology on the site of the renaturalised Hungerberg. The building is made of rammed earth and wood. The optimised design allows both passive and active solar energy to be used in an exemplary manner and is equipped with an ice store and heat pump for the heat supply. The building was realised by the students of the HFT and the beekeepers themselves. The project can be categorised as exemplary in many respects in terms of design, construction and sustainability. Subsequent monitoring confirms this thesis in a scientifically sound manner.</p>

<!-- This site is optimized with the Yoast SEO plugin v27.3 - https://yoast.com/product/yoast-seo-wordpress/ -->
<title>Naturinformationszentrum, Ludwigsburg - Löffler_Schmeling</title>
<meta name="description" content="Unsere realisierten Projekte im Bereich nachhaltiger und ökologischer Architektur: klimagerechte Häuser, Passivhaus-Bauten und mehr im Überblick." />
<meta name="robots" content="index, follow, max-snippet:-1, max-image-preview:large, max-video-preview:-1" />
<link rel="canonical" href="https://klimagerechte-architektur.de/en/projects/nature-information-centre-ludwigsburg/" />
<meta property="og:locale" content="en_GB" />
<meta property="og:type" content="article" />
<meta property="og:title" content="Naturinformationszentrum, Ludwigsburg - Löffler_Schmeling" />
<meta property="og:description" content="Unsere realisierten Projekte im Bereich nachhaltiger und ökologischer Architektur: klimagerechte Häuser, Passivhaus-Bauten und mehr im Überblick." />
<meta property="og:url" content="https://klimagerechte-architektur.de/en/projects/nature-information-centre-ludwigsburg/" />
<meta property="og:site_name" content="Löffler_Schmeling" />
<meta property="og:image" content="https://klimagerechte-architektur.de/wp-content/uploads/2023/07/Ansicht-Sued-1-scaled.jpg" />
	<meta property="og:image:width" content="2560" />
	<meta property="og:image:height" content="1241" />
	<meta property="og:image:type" content="image/jpeg" />
<meta name="twitter:card" content="summary_large_image" />
<meta name="twitter:label1" content="Estimated reading time" />
	<meta name="twitter:data1" content="1 minute" />
<script type="application/ld+json" class="yoast-schema-graph">{"@context":"https:\/\/schema.org","@graph":[{"@type":["WebPage","CollectionPage"],"@id":"https:\/\/klimagerechte-architektur.de\/projekte\/naturinformationszentrum-ludwigsburg\/","url":"https:\/\/klimagerechte-architektur.de\/projekte\/naturinformationszentrum-ludwigsburg\/","name":"Naturinformationszentrum, Ludwigsburg - Löffler_Schmeling","isPartOf":{"@id":"https:\/\/klimagerechte-architektur.de\/#website"},"primaryImageOfPage":{"@id":"https:\/\/klimagerechte-architektur.de\/projekte\/naturinformationszentrum-ludwigsburg\/#primaryimage"},"image":{"@id":"https:\/\/klimagerechte-architektur.de\/projekte\/naturinformationszentrum-ludwigsburg\/#primaryimage"},"thumbnailUrl":"https:\/\/klimagerechte-architektur.de\/wp-content\/uploads\/2023\/07\/Ansicht-Sued-1-scaled.jpg","datePublished":"2023-07-28T09:57:52+00:00","description":"Unsere realisierten Projekte im Bereich nachhaltiger und ökologischer Architektur: klimagerechte Häuser, Passivhaus-Bauten und mehr im Überblick.","breadcrumb":{"@id":"https:\/\/klimagerechte-architektur.de\/projekte\/naturinformationszentrum-ludwigsburg\/#breadcrumb"},"inLanguage":"en-GB"},{"@type":"ImageObject","inLanguage":"en-GB","@id":"https:\/\/klimagerechte-architektur.de\/projekte\/naturinformationszentrum-ludwigsburg\/#primaryimage","url":"https:\/\/klimagerechte-architektur.de\/wp-content\/uploads\/2023\/07\/Ansicht-Sued-1-scaled.jpg","contentUrl":"https:\/\/klimagerechte-architektur.de\/wp-content\/uploads\/2023\/07\/Ansicht-Sued-1-scaled.jpg","width":2560,"height":1241},{"@type":"BreadcrumbList","@id":"https:\/\/klimagerechte-architektur.de\/projekte\/naturinformationszentrum-ludwigsburg\/#breadcrumb","itemListElement":[{"@type":"ListItem","position":1,"name":"Startseite","item":"https:\/\/klimagerechte-architektur.de\/"},{"@type":"ListItem","position":2,"name":"Projekte","item":"https:\/\/klimagerechte-architektur.de\/projekte\/"},{"@type":"ListItem","position":3,"name":"Naturinformationszentrum, Ludwigsburg"}]},{"@type":"WebSite","@id":"https:\/\/klimagerechte-architektur.de\/#website","url":"https:\/\/klimagerechte-architektur.de\/","name":"Klimagerechte Architektur","description":"KLIMAGERECHTIGKEIT – DIE BRÜCKE ZWISCHEN SOZIALER UND ÖKOLOGISCHER ARCHITEKTUR","publisher":{"@id":"https:\/\/klimagerechte-architektur.de\/#organization"},"potentialAction":[{"@type":"SearchAction","target":{"@type":"EntryPoint","urlTemplate":"https:\/\/klimagerechte-architektur.de\/?s={search_term_string}"},"query-input":{"@type":"PropertyValueSpecification","valueRequired":true,"valueName":"search_term_string"}}],"inLanguage":"en-GB"},{"@type":"Organization","@id":"https:\/\/klimagerechte-architektur.de\/#organization","name":"Löffler_Schmeling Architekten","url":"https:\/\/klimagerechte-architektur.de\/","logo":{"@type":"ImageObject","inLanguage":"en-GB","@id":"https:\/\/klimagerechte-architektur.de\/#\/schema\/logo\/image\/","url":"https:\/\/klimagerechte-architektur.de\/wp-content\/uploads\/2023\/01\/LS_LogoCoolveticaueberarbeitet_Anne-1.png","contentUrl":"https:\/\/klimagerechte-architektur.de\/wp-content\/uploads\/2023\/01\/LS_LogoCoolveticaueberarbeitet_Anne-1.png","width":1741,"height":402,"caption":"Löffler_Schmeling Architekten"},"image":{"@id":"https:\/\/klimagerechte-architektur.de\/#\/schema\/logo\/image\/"}}]}</script>
<!-- / Yoast SEO plugin. -->

Nature Information Centre, Ludwigsburg - Löffler_Schmeling

Naturinformationszentrum, Ludwigsburg - Löffler_Schmeling

Unsere realisierten Projekte im Bereich nachhaltiger und ökologischer Architektur: klimagerechte Häuser, Passivhaus-Bauten und mehr im Überblick.

Löffler_Schmeling

Löffler_Schmeling Architects

Löffler_Schmeling Architekten
