{"id":4493,"date":"2023-07-28T10:12:36","date_gmt":"2023-07-28T10:12:36","guid":{"rendered":"https:\/\/klimagerechte-architektur.de\/?post_type=projekte&#038;p=2927"},"modified":"2026-02-02T14:50:42","modified_gmt":"2026-02-02T13:50:42","slug":"old-slaughterhouse-pforzheim","status":"publish","type":"projekte","link":"https:\/\/klimagerechte-architektur.de\/en\/projekte\/alter-schlachthof-pforzheim\/","title":{"rendered":"Old slaughterhouse, Pforzheim"},"content":{"rendered":"<p>Living and working promotes art and culture. This is the guiding principle of the co-operative <a href=\"https:\/\/www.alter-schlachthof-pforzheim.de\/\">Gewerbekultur Pforzheim e.G.<\/a> for the development of the Alter Schlachthof Pforzheim.<\/p>\n\n\n\n<p>As an office, we were commissioned with the complete process management of the state-funded revitalisation process to develop a new lively, ecological and cooperative quarter in and around the Alter Schlachthof together with the Gewerbekultur Pforzheim e.G. cooperative. This includes the planning for the interim use of the large halls of the former abattoir for Gewerbekultur Pforzheim e.G., the preparation of a feasibility study to determine and present the potential of \u201eliving on the roof\u201c and the urban development (development plan procedure) of the entire site as a mixed area for \u201cliving, working, art and culture\u201c. The aim is to revitalise the site with a mix of commercial uses, studios, social facilities and inclusive housing models. This will create added value for the immediate neighbourhood and the city of Pforzheim. <\/p>\n\n\n\n<p>In the spirit of dialogue-oriented process support, we work cooperatively with users, neighbours and the urban community to test creative and cultural uses and enable renovation concepts for artists' studios and housing. The existing building from the 1950s is to be used sustainably by using ecological and regional materials and retaining and upgrading as much of the existing structure as possible.<\/p>\n\n\n\n<p>The special feature of this project is the dynamic and collaborative, participatory project development, in which many processes are parallelised and variants are tested and discussed together. In this project, we are acting as general planners with MSing Cordoba L\u00f6ffler GmbH and are providing the entire process support and project coordination across all relevant trades and planning phases from a single source. This form of process management is scalable in key aspects and transferable to other similar projects by local authorities and companies that consider the revitalisation of old commercial properties to be appropriate and sustainable.<\/p>\n\n\n\n<p><\/p>","protected":false},"featured_media":4202,"menu_order":0,"template":"","format":"standard","meta":[],"projektart":[40,303,304,307,308,309,311],"class_list":["post-4493","projekte","type-projekte","status-publish","format-standard","has-post-thumbnail","hentry","projektart-generalplanung","projektart-industrie-verwaltung","projektart-staedtebau-quartiersplanung","projektart-wohnungsbau","projektart-innenraum","projektart-transformation-alt-neu","projektart-highlight"],"yoast_head":"<!-- This site is optimized with the Yoast SEO plugin v27.3 - https:\/\/yoast.com\/product\/yoast-seo-wordpress\/ -->\n<title>Alter Schlachthof, Pforzheim - L\u00f6ffler_Schmeling<\/title>\n<meta name=\"description\" content=\"Unsere realisierten Projekte im Bereich nachhaltiger und \u00f6kologischer Architektur: klimagerechte H\u00e4user, Passivhaus-Bauten und mehr im \u00dcberblick.\" \/>\n<meta name=\"robots\" content=\"index, follow, max-snippet:-1, max-image-preview:large, max-video-preview:-1\" \/>\n<link rel=\"canonical\" href=\"https:\/\/klimagerechte-architektur.de\/en\/projects\/old-slaughterhouse-pforzheim\/\" \/>\n<meta property=\"og:locale\" content=\"en_GB\" \/>\n<meta property=\"og:type\" content=\"article\" \/>\n<meta property=\"og:title\" content=\"Alter Schlachthof, Pforzheim - L\u00f6ffler_Schmeling\" \/>\n<meta property=\"og:description\" content=\"Unsere realisierten Projekte im Bereich nachhaltiger und \u00f6kologischer Architektur: klimagerechte H\u00e4user, Passivhaus-Bauten und mehr im \u00dcberblick.\" \/>\n<meta property=\"og:url\" content=\"https:\/\/klimagerechte-architektur.de\/en\/projects\/old-slaughterhouse-pforzheim\/\" \/>\n<meta property=\"og:site_name\" content=\"L\u00f6ffler_Schmeling\" \/>\n<meta property=\"article:modified_time\" content=\"2026-02-02T13:50:42+00:00\" \/>\n<meta property=\"og:image\" content=\"https:\/\/klimagerechte-architektur.de\/wp-content\/uploads\/2024\/02\/237-ASH-Modell-Alter-Schlachthof-Pforzheim-Staedtebau-1.jpg\" \/>\n\t<meta property=\"og:image:width\" content=\"1920\" \/>\n\t<meta property=\"og:image:height\" content=\"1280\" \/>\n\t<meta property=\"og:image:type\" content=\"image\/jpeg\" \/>\n<meta name=\"twitter:card\" content=\"summary_large_image\" \/>\n<meta name=\"twitter:label1\" content=\"Estimated reading time\" \/>\n\t<meta name=\"twitter:data1\" content=\"2 minutes\" \/>\n<script type=\"application\/ld+json\" class=\"yoast-schema-graph\">{\"@context\":\"https:\\\/\\\/schema.org\",\"@graph\":[{\"@type\":[\"WebPage\",\"CollectionPage\"],\"@id\":\"https:\\\/\\\/klimagerechte-architektur.de\\\/projekte\\\/alter-schlachthof-pforzheim\\\/\",\"url\":\"https:\\\/\\\/klimagerechte-architektur.de\\\/projekte\\\/alter-schlachthof-pforzheim\\\/\",\"name\":\"Alter Schlachthof, Pforzheim - L\u00f6ffler_Schmeling\",\"isPartOf\":{\"@id\":\"https:\\\/\\\/klimagerechte-architektur.de\\\/#website\"},\"primaryImageOfPage\":{\"@id\":\"https:\\\/\\\/klimagerechte-architektur.de\\\/projekte\\\/alter-schlachthof-pforzheim\\\/#primaryimage\"},\"image\":{\"@id\":\"https:\\\/\\\/klimagerechte-architektur.de\\\/projekte\\\/alter-schlachthof-pforzheim\\\/#primaryimage\"},\"thumbnailUrl\":\"https:\\\/\\\/klimagerechte-architektur.de\\\/wp-content\\\/uploads\\\/2024\\\/02\\\/237-ASH-Modell-Alter-Schlachthof-Pforzheim-Staedtebau-1.jpg\",\"datePublished\":\"2023-07-28T10:12:36+00:00\",\"dateModified\":\"2026-02-02T13:50:42+00:00\",\"description\":\"Unsere realisierten Projekte im Bereich nachhaltiger und \u00f6kologischer Architektur: klimagerechte H\u00e4user, Passivhaus-Bauten und mehr im \u00dcberblick.\",\"breadcrumb\":{\"@id\":\"https:\\\/\\\/klimagerechte-architektur.de\\\/projekte\\\/alter-schlachthof-pforzheim\\\/#breadcrumb\"},\"inLanguage\":\"en-GB\"},{\"@type\":\"ImageObject\",\"inLanguage\":\"en-GB\",\"@id\":\"https:\\\/\\\/klimagerechte-architektur.de\\\/projekte\\\/alter-schlachthof-pforzheim\\\/#primaryimage\",\"url\":\"https:\\\/\\\/klimagerechte-architektur.de\\\/wp-content\\\/uploads\\\/2024\\\/02\\\/237-ASH-Modell-Alter-Schlachthof-Pforzheim-Staedtebau-1.jpg\",\"contentUrl\":\"https:\\\/\\\/klimagerechte-architektur.de\\\/wp-content\\\/uploads\\\/2024\\\/02\\\/237-ASH-Modell-Alter-Schlachthof-Pforzheim-Staedtebau-1.jpg\",\"width\":1920,\"height\":1280},{\"@type\":\"BreadcrumbList\",\"@id\":\"https:\\\/\\\/klimagerechte-architektur.de\\\/projekte\\\/alter-schlachthof-pforzheim\\\/#breadcrumb\",\"itemListElement\":[{\"@type\":\"ListItem\",\"position\":1,\"name\":\"Startseite\",\"item\":\"https:\\\/\\\/klimagerechte-architektur.de\\\/\"},{\"@type\":\"ListItem\",\"position\":2,\"name\":\"Projekte\",\"item\":\"https:\\\/\\\/klimagerechte-architektur.de\\\/projekte\\\/\"},{\"@type\":\"ListItem\",\"position\":3,\"name\":\"Alter Schlachthof, Pforzheim\"}]},{\"@type\":\"WebSite\",\"@id\":\"https:\\\/\\\/klimagerechte-architektur.de\\\/#website\",\"url\":\"https:\\\/\\\/klimagerechte-architektur.de\\\/\",\"name\":\"Klimagerechte Architektur\",\"description\":\"KLIMAGERECHTIGKEIT \u2013 DIE BR\u00dcCKE ZWISCHEN SOZIALER UND \u00d6KOLOGISCHER ARCHITEKTUR\",\"publisher\":{\"@id\":\"https:\\\/\\\/klimagerechte-architektur.de\\\/#organization\"},\"potentialAction\":[{\"@type\":\"SearchAction\",\"target\":{\"@type\":\"EntryPoint\",\"urlTemplate\":\"https:\\\/\\\/klimagerechte-architektur.de\\\/?s={search_term_string}\"},\"query-input\":{\"@type\":\"PropertyValueSpecification\",\"valueRequired\":true,\"valueName\":\"search_term_string\"}}],\"inLanguage\":\"en-GB\"},{\"@type\":\"Organization\",\"@id\":\"https:\\\/\\\/klimagerechte-architektur.de\\\/#organization\",\"name\":\"L\u00f6ffler_Schmeling Architekten\",\"url\":\"https:\\\/\\\/klimagerechte-architektur.de\\\/\",\"logo\":{\"@type\":\"ImageObject\",\"inLanguage\":\"en-GB\",\"@id\":\"https:\\\/\\\/klimagerechte-architektur.de\\\/#\\\/schema\\\/logo\\\/image\\\/\",\"url\":\"https:\\\/\\\/klimagerechte-architektur.de\\\/wp-content\\\/uploads\\\/2023\\\/01\\\/LS_LogoCoolveticaueberarbeitet_Anne-1.png\",\"contentUrl\":\"https:\\\/\\\/klimagerechte-architektur.de\\\/wp-content\\\/uploads\\\/2023\\\/01\\\/LS_LogoCoolveticaueberarbeitet_Anne-1.png\",\"width\":1741,\"height\":402,\"caption\":\"L\u00f6ffler_Schmeling Architekten\"},\"image\":{\"@id\":\"https:\\\/\\\/klimagerechte-architektur.de\\\/#\\\/schema\\\/logo\\\/image\\\/\"}}]}<\/script>\n<!-- \/ Yoast SEO plugin. -->","yoast_head_json":{"title":"Alter Schlachthof, Pforzheim - L\u00f6ffler_Schmeling","description":"An overview of our realised projects in the field of sustainable and ecological architecture: climate-friendly houses, passive house buildings and more.","robots":{"index":"index","follow":"follow","max-snippet":"max-snippet:-1","max-image-preview":"max-image-preview:large","max-video-preview":"max-video-preview:-1"},"canonical":"https:\/\/klimagerechte-architektur.de\/en\/projects\/old-slaughterhouse-pforzheim\/","og_locale":"en_GB","og_type":"article","og_title":"Alter Schlachthof, Pforzheim - L\u00f6ffler_Schmeling","og_description":"Unsere realisierten Projekte im Bereich nachhaltiger und \u00f6kologischer Architektur: klimagerechte H\u00e4user, Passivhaus-Bauten und mehr im \u00dcberblick.","og_url":"https:\/\/klimagerechte-architektur.de\/en\/projects\/old-slaughterhouse-pforzheim\/","og_site_name":"L\u00f6ffler_Schmeling","article_modified_time":"2026-02-02T13:50:42+00:00","og_image":[{"width":1920,"height":1280,"url":"https:\/\/klimagerechte-architektur.de\/wp-content\/uploads\/2024\/02\/237-ASH-Modell-Alter-Schlachthof-Pforzheim-Staedtebau-1.jpg","type":"image\/jpeg"}],"twitter_card":"summary_large_image","twitter_misc":{"Estimated reading time":"2 minutes"},"schema":{"@context":"https:\/\/schema.org","@graph":[{"@type":["WebPage","CollectionPage"],"@id":"https:\/\/klimagerechte-architektur.de\/projekte\/alter-schlachthof-pforzheim\/","url":"https:\/\/klimagerechte-architektur.de\/projekte\/alter-schlachthof-pforzheim\/","name":"Alter Schlachthof, Pforzheim - L\u00f6ffler_Schmeling","isPartOf":{"@id":"https:\/\/klimagerechte-architektur.de\/#website"},"primaryImageOfPage":{"@id":"https:\/\/klimagerechte-architektur.de\/projekte\/alter-schlachthof-pforzheim\/#primaryimage"},"image":{"@id":"https:\/\/klimagerechte-architektur.de\/projekte\/alter-schlachthof-pforzheim\/#primaryimage"},"thumbnailUrl":"https:\/\/klimagerechte-architektur.de\/wp-content\/uploads\/2024\/02\/237-ASH-Modell-Alter-Schlachthof-Pforzheim-Staedtebau-1.jpg","datePublished":"2023-07-28T10:12:36+00:00","dateModified":"2026-02-02T13:50:42+00:00","description":"An overview of our realised projects in the field of sustainable and ecological architecture: climate-friendly houses, passive house buildings and more.","breadcrumb":{"@id":"https:\/\/klimagerechte-architektur.de\/projekte\/alter-schlachthof-pforzheim\/#breadcrumb"},"inLanguage":"en-GB"},{"@type":"ImageObject","inLanguage":"en-GB","@id":"https:\/\/klimagerechte-architektur.de\/projekte\/alter-schlachthof-pforzheim\/#primaryimage","url":"https:\/\/klimagerechte-architektur.de\/wp-content\/uploads\/2024\/02\/237-ASH-Modell-Alter-Schlachthof-Pforzheim-Staedtebau-1.jpg","contentUrl":"https:\/\/klimagerechte-architektur.de\/wp-content\/uploads\/2024\/02\/237-ASH-Modell-Alter-Schlachthof-Pforzheim-Staedtebau-1.jpg","width":1920,"height":1280},{"@type":"BreadcrumbList","@id":"https:\/\/klimagerechte-architektur.de\/projekte\/alter-schlachthof-pforzheim\/#breadcrumb","itemListElement":[{"@type":"ListItem","position":1,"name":"Startseite","item":"https:\/\/klimagerechte-architektur.de\/"},{"@type":"ListItem","position":2,"name":"Projekte","item":"https:\/\/klimagerechte-architektur.de\/projekte\/"},{"@type":"ListItem","position":3,"name":"Alter Schlachthof, Pforzheim"}]},{"@type":"WebSite","@id":"https:\/\/klimagerechte-architektur.de\/#website","url":"https:\/\/klimagerechte-architektur.de\/","name":"Climate-aware architecture","description":"CLIMATE JUSTICE - THE BRIDGE BETWEEN SOCIAL AND ECOLOGICAL ARCHITECTURE","publisher":{"@id":"https:\/\/klimagerechte-architektur.de\/#organization"},"potentialAction":[{"@type":"SearchAction","target":{"@type":"EntryPoint","urlTemplate":"https:\/\/klimagerechte-architektur.de\/?s={search_term_string}"},"query-input":{"@type":"PropertyValueSpecification","valueRequired":true,"valueName":"search_term_string"}}],"inLanguage":"en-GB"},{"@type":"Organization","@id":"https:\/\/klimagerechte-architektur.de\/#organization","name":"L\u00f6ffler_Schmeling Architects","url":"https:\/\/klimagerechte-architektur.de\/","logo":{"@type":"ImageObject","inLanguage":"en-GB","@id":"https:\/\/klimagerechte-architektur.de\/#\/schema\/logo\/image\/","url":"https:\/\/klimagerechte-architektur.de\/wp-content\/uploads\/2023\/01\/LS_LogoCoolveticaueberarbeitet_Anne-1.png","contentUrl":"https:\/\/klimagerechte-architektur.de\/wp-content\/uploads\/2023\/01\/LS_LogoCoolveticaueberarbeitet_Anne-1.png","width":1741,"height":402,"caption":"L\u00f6ffler_Schmeling Architekten"},"image":{"@id":"https:\/\/klimagerechte-architektur.de\/#\/schema\/logo\/image\/"}}]}},"_links":{"self":[{"href":"https:\/\/klimagerechte-architektur.de\/en\/wp-json\/wp\/v2\/projekte\/4493","targetHints":{"allow":["GET"]}}],"collection":[{"href":"https:\/\/klimagerechte-architektur.de\/en\/wp-json\/wp\/v2\/projekte"}],"about":[{"href":"https:\/\/klimagerechte-architektur.de\/en\/wp-json\/wp\/v2\/types\/projekte"}],"version-history":[{"count":4,"href":"https:\/\/klimagerechte-architektur.de\/en\/wp-json\/wp\/v2\/projekte\/4493\/revisions"}],"predecessor-version":[{"id":4946,"href":"https:\/\/klimagerechte-architektur.de\/en\/wp-json\/wp\/v2\/projekte\/4493\/revisions\/4946"}],"wp:featuredmedia":[{"embeddable":true,"href":"https:\/\/klimagerechte-architektur.de\/en\/wp-json\/wp\/v2\/media\/4202"}],"wp:attachment":[{"href":"https:\/\/klimagerechte-architektur.de\/en\/wp-json\/wp\/v2\/media?parent=4493"}],"wp:term":[{"taxonomy":"projektart","embeddable":true,"href":"https:\/\/klimagerechte-architektur.de\/en\/wp-json\/wp\/v2\/projektart?post=4493"}],"curies":[{"name":"wp","href":"https:\/\/api.w.org\/{rel}","templated":true}]}}

<p>Living and working promotes art and culture. This is the guiding principle of the co-operative <a href="https://www.alter-schlachthof-pforzheim.de/">Gewerbekultur Pforzheim e.G.</a> for the development of the Alter Schlachthof Pforzheim.</p>



<p>As an office, we were commissioned with the complete process management of the state-funded revitalisation process to develop a new lively, ecological and cooperative quarter in and around the Alter Schlachthof together with the Gewerbekultur Pforzheim e.G. cooperative. This includes the planning for the interim use of the large halls of the former abattoir for Gewerbekultur Pforzheim e.G., the preparation of a feasibility study to determine and present the potential of „living on the roof“ and the urban development (development plan procedure) of the entire site as a mixed area for “living, working, art and culture“. The aim is to revitalise the site with a mix of commercial uses, studios, social facilities and inclusive housing models. This will create added value for the immediate neighbourhood and the city of Pforzheim. </p>



<p>In the spirit of dialogue-oriented process support, we work cooperatively with users, neighbours and the urban community to test creative and cultural uses and enable renovation concepts for artists' studios and housing. The existing building from the 1950s is to be used sustainably by using ecological and regional materials and retaining and upgrading as much of the existing structure as possible.</p>



<p>The special feature of this project is the dynamic and collaborative, participatory project development, in which many processes are parallelised and variants are tested and discussed together. In this project, we are acting as general planners with MSing Cordoba Löffler GmbH and are providing the entire process support and project coordination across all relevant trades and planning phases from a single source. This form of process management is scalable in key aspects and transferable to other similar projects by local authorities and companies that consider the revitalisation of old commercial properties to be appropriate and sustainable.</p>



<p></p>

<!-- This site is optimized with the Yoast SEO plugin v27.3 - https://yoast.com/product/yoast-seo-wordpress/ -->
<title>Alter Schlachthof, Pforzheim - Löffler_Schmeling</title>
<meta name="description" content="Unsere realisierten Projekte im Bereich nachhaltiger und ökologischer Architektur: klimagerechte Häuser, Passivhaus-Bauten und mehr im Überblick." />
<meta name="robots" content="index, follow, max-snippet:-1, max-image-preview:large, max-video-preview:-1" />
<link rel="canonical" href="https://klimagerechte-architektur.de/en/projects/old-slaughterhouse-pforzheim/" />
<meta property="og:locale" content="en_GB" />
<meta property="og:type" content="article" />
<meta property="og:title" content="Alter Schlachthof, Pforzheim - Löffler_Schmeling" />
<meta property="og:description" content="Unsere realisierten Projekte im Bereich nachhaltiger und ökologischer Architektur: klimagerechte Häuser, Passivhaus-Bauten und mehr im Überblick." />
<meta property="og:url" content="https://klimagerechte-architektur.de/en/projects/old-slaughterhouse-pforzheim/" />
<meta property="og:site_name" content="Löffler_Schmeling" />
<meta property="article:modified_time" content="2026-02-02T13:50:42+00:00" />
<meta property="og:image" content="https://klimagerechte-architektur.de/wp-content/uploads/2024/02/237-ASH-Modell-Alter-Schlachthof-Pforzheim-Staedtebau-1.jpg" />
	<meta property="og:image:width" content="1920" />
	<meta property="og:image:height" content="1280" />
	<meta property="og:image:type" content="image/jpeg" />
<meta name="twitter:card" content="summary_large_image" />
<meta name="twitter:label1" content="Estimated reading time" />
	<meta name="twitter:data1" content="2 minutes" />
<script type="application/ld+json" class="yoast-schema-graph">{"@context":"https:\/\/schema.org","@graph":[{"@type":["WebPage","CollectionPage"],"@id":"https:\/\/klimagerechte-architektur.de\/projekte\/alter-schlachthof-pforzheim\/","url":"https:\/\/klimagerechte-architektur.de\/projekte\/alter-schlachthof-pforzheim\/","name":"Alter Schlachthof, Pforzheim - Löffler_Schmeling","isPartOf":{"@id":"https:\/\/klimagerechte-architektur.de\/#website"},"primaryImageOfPage":{"@id":"https:\/\/klimagerechte-architektur.de\/projekte\/alter-schlachthof-pforzheim\/#primaryimage"},"image":{"@id":"https:\/\/klimagerechte-architektur.de\/projekte\/alter-schlachthof-pforzheim\/#primaryimage"},"thumbnailUrl":"https:\/\/klimagerechte-architektur.de\/wp-content\/uploads\/2024\/02\/237-ASH-Modell-Alter-Schlachthof-Pforzheim-Staedtebau-1.jpg","datePublished":"2023-07-28T10:12:36+00:00","dateModified":"2026-02-02T13:50:42+00:00","description":"Unsere realisierten Projekte im Bereich nachhaltiger und ökologischer Architektur: klimagerechte Häuser, Passivhaus-Bauten und mehr im Überblick.","breadcrumb":{"@id":"https:\/\/klimagerechte-architektur.de\/projekte\/alter-schlachthof-pforzheim\/#breadcrumb"},"inLanguage":"en-GB"},{"@type":"ImageObject","inLanguage":"en-GB","@id":"https:\/\/klimagerechte-architektur.de\/projekte\/alter-schlachthof-pforzheim\/#primaryimage","url":"https:\/\/klimagerechte-architektur.de\/wp-content\/uploads\/2024\/02\/237-ASH-Modell-Alter-Schlachthof-Pforzheim-Staedtebau-1.jpg","contentUrl":"https:\/\/klimagerechte-architektur.de\/wp-content\/uploads\/2024\/02\/237-ASH-Modell-Alter-Schlachthof-Pforzheim-Staedtebau-1.jpg","width":1920,"height":1280},{"@type":"BreadcrumbList","@id":"https:\/\/klimagerechte-architektur.de\/projekte\/alter-schlachthof-pforzheim\/#breadcrumb","itemListElement":[{"@type":"ListItem","position":1,"name":"Startseite","item":"https:\/\/klimagerechte-architektur.de\/"},{"@type":"ListItem","position":2,"name":"Projekte","item":"https:\/\/klimagerechte-architektur.de\/projekte\/"},{"@type":"ListItem","position":3,"name":"Alter Schlachthof, Pforzheim"}]},{"@type":"WebSite","@id":"https:\/\/klimagerechte-architektur.de\/#website","url":"https:\/\/klimagerechte-architektur.de\/","name":"Klimagerechte Architektur","description":"KLIMAGERECHTIGKEIT – DIE BRÜCKE ZWISCHEN SOZIALER UND ÖKOLOGISCHER ARCHITEKTUR","publisher":{"@id":"https:\/\/klimagerechte-architektur.de\/#organization"},"potentialAction":[{"@type":"SearchAction","target":{"@type":"EntryPoint","urlTemplate":"https:\/\/klimagerechte-architektur.de\/?s={search_term_string}"},"query-input":{"@type":"PropertyValueSpecification","valueRequired":true,"valueName":"search_term_string"}}],"inLanguage":"en-GB"},{"@type":"Organization","@id":"https:\/\/klimagerechte-architektur.de\/#organization","name":"Löffler_Schmeling Architekten","url":"https:\/\/klimagerechte-architektur.de\/","logo":{"@type":"ImageObject","inLanguage":"en-GB","@id":"https:\/\/klimagerechte-architektur.de\/#\/schema\/logo\/image\/","url":"https:\/\/klimagerechte-architektur.de\/wp-content\/uploads\/2023\/01\/LS_LogoCoolveticaueberarbeitet_Anne-1.png","contentUrl":"https:\/\/klimagerechte-architektur.de\/wp-content\/uploads\/2023\/01\/LS_LogoCoolveticaueberarbeitet_Anne-1.png","width":1741,"height":402,"caption":"Löffler_Schmeling Architekten"},"image":{"@id":"https:\/\/klimagerechte-architektur.de\/#\/schema\/logo\/image\/"}}]}</script>
<!-- / Yoast SEO plugin. -->

Alter Schlachthof, Pforzheim - Löffler_Schmeling

Unsere realisierten Projekte im Bereich nachhaltiger und ökologischer Architektur: klimagerechte Häuser, Passivhaus-Bauten und mehr im Überblick.

Löffler_Schmeling

Löffler_Schmeling Architects

Löffler_Schmeling Architekten
